e factors of 1978.
2, 23, 43
What are the prime factors of 1337?
7, 191
What are the prime factors of 167592?
2, 3, 6983
What are the prime factors of 91755?
3, 5, 2039
What are the prime factors of 983?
983
What are the prime factors of 4083?
3, 1361
What are the prime factors of 7051?
11, 641
List the prime factors of 23808.
2, 3, 31
List the prime factors of 1190.
2, 5, 7, 17
What are the prime factors of 2426?
2, 1213
What are the prime factors of 2278?
2, 17, 67
What are the prime factors of 4344?
2, 3, 181
List the prime factors of 64137.
3, 21379
What are the prime factors of 4127?
4127
List the prime factors of 1564.
2, 17, 23
What are the prime factors of 5961?
3, 1987
List the prime factors of 660.
2, 3, 5, 11
List the prime factors of 2136.
2, 3, 89
What are the prime factors of 140964?
2, 3, 17, 691
What are the prime factors of 820?
2, 5, 41
What are the prime factors of 58702?
2, 7, 599
List the prime factors of 162978.
2, 3, 23, 1181
What are the prime factors of 1488?
2, 3, 31
List the prime factors of 26577.
3, 2953
What are the prime factors of 403?
13, 31
List the prime factors of 126684.
2, 3, 17, 23
What are the prime factors of 225?
3, 5
What are the prime factors of 22337?
7, 3191
What are the prime factors of 141?
3, 47
What are the prime factors of 56049?
3, 7, 17, 157
What are the prime factors of 5915?
5, 7, 13
What are the prime factors of 3176?
2, 397
List the prime factors of 1090.
2, 5, 109
What are the prime factors of 9575?
5, 383
List the prime factors of 1936.
2, 11
What are the prime factors of 11212?
2, 2803
What are the prime factors of 5351?
5351
What are the prime factors of 13065?
3, 5, 13, 67
What are the prime factors of 421?
421
What are the prime factors of 232?
2, 29
What are the prime factors of 82382?
2, 17, 2423
List the prime factors of 132.
2, 3, 11
What are the prime factors of 36403?
59, 617
What are the prime factors of 5717?
5717
What are the prime factors of 71798?
2, 35899
List the prime factors of 1654.
2, 827
List the prime factors of 28453.
37, 769
List the prime factors of 3313.
3313
List the prime factors of 4623.
3, 23, 67
What are the prime factors of 639?
3, 71
List the prime factors of 4666.
2, 2333
What are the prime factors of 591?
3, 197
What are the prime factors of 8980?
2, 5, 449
List the prime factors of 156.
2, 3, 13
What are the prime factors of 12103?
7, 13, 19
What are the prime factors of 53292?
2, 3, 4441
What are the prime factors of 13995?
3, 5, 311
What are the prime factors of 2465?
5, 17, 29
What are the prime factors of 248?
2, 31
What are the prime factors of 12462?
2, 3, 31, 67
List the prime factors of 5133.
3, 29, 59
What are the prime factors of 27835?
5, 19, 293
What are the prime factors of 2008?
2, 251
What are the prime factors of 3675?
3, 5, 7
What are the prime factors of 1044?
2, 3, 29
List the prime factors of 2619.
3, 97
List the prime factors of 110133.
3, 4079
List the prime factors of 1910.
2, 5, 191
What are the prime factors of 229?
229
What are the prime factors of 7127?
7127
What are the prime factors of 90085?
5, 43, 419
What are the prime factors of 4511?
13, 347
What are the prime factors of 33333?
3, 41, 271
What are the prime factors of 9463?
9463
What are the prime factors of 235?
5, 47
What are the prime factors of 43480?
2, 5, 1087
List the prime factors of 66706.
2, 33353
What are the prime factors of 27743?
27743
List the prime factors of 27802.
2, 13901
What are the prime factors of 96993?
3, 13, 829
What are the prime factors of 6237?
3, 7, 11
What are the prime factors of 19532?
2, 19, 257
List the prime factors of 16210.
2, 5, 1621
What are the prime factors of 8128?
2, 127
List the prime factors of 578.
2, 17
List the prime factors of 3279.
3, 1093
What are the prime factors of 2757?
3, 919
What are the prime factors of 2356?
2, 19, 31
What are the prime factors of 11042?
2, 5521
List the prime factors of 1594.
2, 797
List the prime factors of 44353.
17, 2609
What are the prime factors of 837?
3, 31
List the prime factors of 283.
283
List the prime factors of 65905.
5, 7, 269
What are the prime factors of 25318?
2, 12659
List the prime factors of 32218.
2, 89, 181
What are the prime factors of 26578?
2, 97, 137
What are the prime factors of 6441?
3, 19, 113
What are the prime factors of 37595?
5, 73, 103
List the prime factors of 421.
421
List the prime factors of 899.
29, 31
List the prime factors of 100663.
43, 2341
What are the prime factors of 2751?
3, 7, 131
What are the prime factors of 159213?
3, 73, 727
What are the prime factors of 19682?
2, 13, 757
List the prime factors of 32658.
2, 3, 5443
List the prime factors of 2721.
3, 907
What are the prime factors of 49055?
5, 9811
What are the prime factors of 1107?
3, 41
List the prime factors of 55785.
3, 5, 3719
What are the prime factors of 1735?
5, 347
What are the prime factors of 24830?
2, 5, 13, 191
What are the prime factors of 11830?
2, 5, 7, 13
What are the prime factors of 940?
2, 5, 47
List the prime factors of 811.
811
What are the prime factors of 4852?
2, 1213
What are the prime factors of 58269?
3, 19423
List the prime factors of 1313.
13, 101
List the prime factors of 15172.
2, 3793
List the prime factors of 15601.
15601
What are the prime factors of 3609?
3, 401
What are the prime factors of 3152?
2, 197
List the prime factors of 93798.
2, 3, 193
List the prime factors of 3204.
2, 3, 89
List the prime factors of 14550.
2, 3, 5, 97
List the prime factors of 5359.
23, 233
List the prime factors of 235.
5, 47
List the prime factors of 21328.
2, 31, 43
What are the prime factors of 77522?
2, 83, 467
What are the prime factors of 963?
3, 107
What are the prime factors of 401?
401
What are the prime factors of 59941?
7, 8563
What are the prime factors of 64770?
2, 3, 5, 17, 127
List the prime factors of 5257.
7, 751
What are the prime factors of 19054?
2, 7, 1361
List the prime factors of 19614.
2, 3, 7, 467
What are the prime factors of 1620?
2, 3, 5
What are the prime factors of 471?
3, 157
What are the prime factors of 1193?
1193
List the prime factors of 27097.
7, 79
List the prime factors of 3892.
2, 7, 139
What are the prime factors of 2507?
23, 109
List the prime factors of 827.
827
List the prime factors of 125893.
67, 1879
List the prime factors of 7607.
7607
List the prime factors of 7767.
3, 863
What are the prime factors of 1313?
13, 101
What are the prime factors of 9713?
11, 883
What are the prime factors of 1378?
2, 13, 53
What are the prime factors of 92791?
92791
List the prime factors of 6478.
2, 41, 79
What are the prime factors of 555?
3, 5, 37
List the prime factors of 61479.
3, 11, 23
What are the prime factors of 36137?
36137
What are the prime factors of 35495?
5, 31, 229
What are the prime factors of 75420?
2, 3, 5, 419
What are the prime factors of 391?
17, 23
What are the prime factors of 3743?
19, 197
List the prime factors of 31400.
2, 5, 157
What are the prime factors of 8725?
5, 349
List the prime factors of 146236.
2, 36559
List the prime factors of 1677.
3, 13, 43
What are the prime factors of 1084?
2, 271
List the prime factors of 3686.
2, 19, 97
What are the prime factors of 4712?
2, 19, 31
List the prime factors of 26280.
2, 3, 5, 73
What are the prime factors of 3737?
37, 101
List the prime factors of 33820.
2, 5, 19, 89
What are the prime factors of 2020?
2, 5, 101
What are the prime factors of 207?
3, 23
What are the prime factors of 4271?
4271
List the prime factors of 30260.
2, 5, 17, 89
What are the prime factors of 1653?
3, 19, 29
List the prime factors of 1982.
2, 991
What are the prime factors of 8716?
2, 2179
List the prime factors of 5200.
2, 5, 13
List the prime factors of 35148.
2, 3, 29, 101
What are the prime factors of 234?
2, 3, 13
List the prime factors of 18062.
2, 11, 821
What are the prime factors of 5001?
3, 1667
List the prime factors of 20714.
2, 10357
List the prime factors of 45191.
45191
What are the prime factors of 39886?
2, 7, 11, 37
List the prime factors of 12065.
5, 19, 127
What are the prime factors of 355?
5, 71
List the prime factors of 49659.
3, 16553
What are the prime factors of 902?
2, 11, 41
List the prime factors of 7097.
47, 151
List the prime factors of 12815.
5, 11, 233
List